ime factors of 10380.
2, 3, 5, 173
List the prime factors of 49758.
2, 3, 8293
List the prime factors of 6653.
6653
List the prime factors of 25732.
2, 7, 919
What are the prime factors of 37551?
3, 12517
List the prime factors of 374.
2, 11, 17
List the prime factors of 420.
2, 3, 5, 7
What are the prime factors of 3659?
3659
List the prime factors of 2702.
2, 7, 193
List the prime factors of 12757.
12757
What are the prime factors of 35430?
2, 3, 5, 1181
List the prime factors of 10059.
3, 7, 479
List the prime factors of 2223.
3, 13, 19
List the prime factors of 136.
2, 17
List the prime factors of 8851.
53, 167
List the prime factors of 2810.
2, 5, 281
What are the prime factors of 2608?
2, 163
List the prime factors of 14500.
2, 5, 29
List the prime factors of 2009.
7, 41
What are the prime factors of 6839?
7, 977
List the prime factors of 11248.
2, 19, 37
List the prime factors of 1832.
2, 229
List the prime factors of 34.
2, 17
What are the prime factors of 73352?
2, 53, 173
What are the prime factors of 34619?
13, 2663
List the prime factors of 2950.
2, 5, 59
What are the prime factors of 32433?
3, 19, 569
List the prime factors of 5660.
2, 5, 283
List the prime factors of 2327.
13, 179
List the prime factors of 19803.
3, 7, 23, 41
List the prime factors of 107505.
3, 5, 2389
What are the prime factors of 1583?
1583
List the prime factors of 1190.
2, 5, 7, 17
List the prime factors of 13848.
2, 3, 577
What are the prime factors of 1251?
3, 139
List the prime factors of 16510.
2, 5, 13, 127
What are the prime factors of 12675?
3, 5, 13
List the prime factors of 2228.
2, 557
List the prime factors of 16610.
2, 5, 11, 151
What are the prime factors of 118637?
31, 43, 89
What are the prime factors of 198?
2, 3, 11
List the prime factors of 5109.
3, 13, 131
List the prime factors of 226.
2, 113
What are the prime factors of 4916?
2, 1229
What are the prime factors of 4279?
11, 389
What are the prime factors of 13735?
5, 41, 67
What are the prime factors of 2927?
2927
What are the prime factors of 818?
2, 409
What are the prime factors of 45058?
2, 13, 1733
What are the prime factors of 2099?
2099
What are the prime factors of 61758?
2, 3, 47, 73
What are the prime factors of 3342?
2, 3, 557
List the prime factors of 903.
3, 7, 43
List the prime factors of 69384.
2, 3, 7, 59
List the prime factors of 410.
2, 5, 41
What are the prime factors of 17750?
2, 5, 71
List the prime factors of 12300.
2, 3, 5, 41
What are the prime factors of 28300?
2, 5, 283
List the prime factors of 563.
563
List the prime factors of 1473.
3, 491
What are the prime factors of 19343?
23, 29
List the prime factors of 1788.
2, 3, 149
List the prime factors of 62159.
61, 1019
List the prime factors of 54819.
3, 6091
List the prime factors of 41319.
3, 4591
List the prime factors of 3647.
7, 521
What are the prime factors of 2500?
2, 5
What are the prime factors of 8001?
3, 7, 127
List the prime factors of 80264.
2, 79, 127
List the prime factors of 7864.
2, 983
What are the prime factors of 2080?
2, 5, 13
List the prime factors of 1504.
2, 47
List the prime factors of 1054.
2, 17, 31
What are the prime factors of 2846?
2, 1423
What are the prime factors of 7716?
2, 3, 643
List the prime factors of 7627.
29, 263
What are the prime factors of 2646?
2, 3, 7
What are the prime factors of 10677?
3, 3559
What are the prime factors of 847?
7, 11
List the prime factors of 10155.
3, 5, 677
What are the prime factors of 12714?
2, 3, 13, 163
What are the prime factors of 12200?
2, 5, 61
List the prime factors of 1821.
3, 607
What are the prime factors of 39967?
17, 2351
What are the prime factors of 504?
2, 3, 7
What are the prime factors of 1305?
3, 5, 29
What are the prime factors of 4595?
5, 919
List the prime factors of 42588.
2, 3, 7, 13
What are the prime factors of 1131?
3, 13, 29
What are the prime factors of 1185?
3, 5, 79
List the prime factors of 3383.
17, 199
What are the prime factors of 1935?
3, 5, 43
List the prime factors of 3795.
3, 5, 11, 23
What are the prime factors of 935?
5, 11, 17
What are the prime factors of 129122?
2, 7, 23, 401
List the prime factors of 28676.
2, 67, 107
What are the prime factors of 6140?
2, 5, 307
List the prime factors of 129854.
2, 64927
List the prime factors of 1169.
7, 167
What are the prime factors of 607?
607
What are the prime factors of 341?
11, 31
What are the prime factors of 21209?
127, 167
List the prime factors of 19128.
2, 3, 797
What are the prime factors of 26128?
2, 23, 71
What are the prime factors of 529?
23
List the prime factors of 1532.
2, 383
List the prime factors of 117203.
117203
What are the prime factors of 8457?
3, 2819
List the prime factors of 21587.
21587
What are the prime factors of 551?
19, 29
List the prime factors of 2949.
3, 983
What are the prime factors of 208?
2, 13
What are the prime factors of 540?
2, 3, 5
List the prime factors of 359.
359
What are the prime factors of 15536?
2, 971
List the prime factors of 71883.
3, 7, 163
List the prime factors of 5898.
2, 3, 983
List the prime factors of 3068.
2, 13, 59
List the prime factors of 1246.
2, 7, 89
List the prime factors of 67768.
2, 43, 197
What are the prime factors of 1058?
2, 23
What are the prime factors of 121670?
2, 5, 23
List the prime factors of 310.
2, 5, 31
List the prime factors of 940.
2, 5, 47
What are the prime factors of 10411?
29, 359
List the prime factors of 24900.
2, 3, 5, 83
What are the prime factors of 1893?
3, 631
What are the prime factors of 559?
13, 43
What are the prime factors of 86281?
13, 6637
What are the prime factors of 62335?
5, 7, 13, 137
What are the prime factors of 12054?
2, 3, 7, 41
What are the prime factors of 542?
2, 271
List the prime factors of 29440.
2, 5, 23
What are the prime factors of 7530?
2, 3, 5, 251
What are the prime factors of 1517?
37, 41
List the prime factors of 2116.
2, 23
List the prime factors of 4180.
2, 5, 11, 19
List the prime factors of 219.
3, 73
List the prime factors of 595.
5, 7, 17
List the prime factors of 83716.
2, 20929
What are the prime factors of 93425?
5, 37, 101
List the prime factors of 23243.
11, 2113
What are the prime factors of 36415?
5, 7283
What are the prime factors of 3131?
31, 101
What are the prime factors of 1518?
2, 3, 11, 23
What are the prime factors of 873?
3, 97
What are the prime factors of 2909?
2909
List the prime factors of 61610.
2, 5, 61, 101
What are the prime factors of 886?
2, 443
List the prime factors of 1677.
3, 13, 43
What are the prime factors of 1871?
1871
What are the prime factors of 12571?
13, 967
What are the prime factors of 78060?
2, 3, 5, 1301
What are the prime factors of 374?
2, 11, 17
List the prime factors of 31428.
2, 3, 97
What are the prime factors of 16838?
2, 8419
What are the prime factors of 3372?
2, 3, 281
What are the prime factors of 1524?
2, 3, 127
List the prime factors of 1985.
5, 397
List the prime factors of 25998.
2, 3, 7, 619
What are the prime factors of 870?
2, 3, 5, 29
List the prime factors of 1499.
1499
List the prime factors of 28882.
2, 7, 2063
List the prime factors of 13694.
2, 41, 167
List the prime factors of 658.
2, 7, 47
What are the prime factors of 148?
2, 37
List the prime factors of 36390.
2, 3, 5, 1213
What are the prime factors of 60332?
2, 15083
What are the prime factors of 2585?
5, 11, 47
What are the prime factors of 1777?
1777
List the prime factors of 83046.
2, 3, 13841
What are the prime factors of 2443?
7, 349
What are the prime factors of 4520?
2, 5, 113
List the prime factors of 18878.
2, 9439
What are the prime factors of 1305?
3, 5, 29
What are the prime factors of 104170?
2, 5, 11, 947
List the prime factors of 9906.
2, 3, 13, 127
List the prime factors of 113368.
2, 37, 383
List the prime factors of 97123.
13, 31, 241
List the prime factors of 675.
3, 5
List the prime factors of 11386.
2, 5693
List the prime factors of 10666.
2, 5333
What are the prime factors of 18513?
3, 11, 17
What are the prime factors of 589?
19, 31
List the prime factors of 2145.
3, 5, 11, 13
What are the prime factors of 12921?
3, 59, 73
What are the prime factors of 107845?
5, 21569
What are the prime factors of 98632?
2, 12329
What are the prime factors of 17392?
2, 1087
What are the prime fac